q(x) = p*x - x + 1 + 2. Let a be -2*(3 + -2) - 1. Calculate q(a).
0
Let r be (-4)/(-14) - 1000/(-28). Let n be 8/r - 34/(-9). Let q(x) = x**2 - 4*x - 3. Calculate q(n).
-3
Let n(r) be the third derivative of -r**6/120 - r**5/20 - r**4/24 - 2*r**3/3 - 92*r**2 + 2*r. Suppose 2*t + 2*t = -12. What is n(t)?
-1
Let t(z) = z**2 + z - 1. Let p be t(0). Let o = 3 - 0. Let k = o - p. Let m(r) = r**3 - 5*r**2 + 2*r + 2. Give m(k).
-6
Let n(i) = i**2 - 8*i + 5. Let c(t) = -t**3 - 3*t**2 + 1. Let k be c(-4). Let z = k + -12. What is n(z)?
-10
Let v(a) = -2*a - 2. Suppose -3*w - 5 = 5*c, 3*c + c = -3*w - 7. Give v(c).
-6
Let d be 3*(14/(-6) + 3). Let t be (-1 - (-3)/d)*12. Let g(j) = j**3 - 7*j**2 + 6*j - 5. What is g(t)?
-5
Let o(b) = b**3 - b**2 + b + 5. Let x = -7 + 7. Determine o(x).
5
Suppose 3*v - 9 = u - 3, 0 = -2*u + 5*v - 8. Let c(n) = -4 - u + 3 + 6 + n. Give c(0).
-1
Let p(q) be the second derivative of 0 - 4*q - q**2 + 1/12*q**4 + 5/6*q**3. What is p(-5)?
-2
Let v(g) = 2*g + 6. Let u be v(-5). Let m(z) be the first derivative of -z**4/4 - 5*z**3/3 - 2*z**2 + 3*z + 31. Calculate m(u).
3
Let t(m) = -2 + 7 - m**2 - 6. Suppose -2 = 5*w + 3. Let u(o) = o + 1. Let c be u(w). What is t(c)?
-1
Let s(v) = -v**3 + 3*v**2 + 3*v + 1. Let p(j) = -3*j - 1 - 4 + 4 - 5 + j**2. Let y be p(5). Give s(y).
-3
Let l(m) = 3*m + 2*m - 2*m + 0*m + 5. Determine l(-4).
-7
Let b(a) be the first derivative of a**2/2 - 10. Determine b(-4).
-4
Suppose -2*r + 15 = -5*u, 0*r = 2*u - 5*r + 27. Let q be 6/18*9*u. Let y(b) be the second derivative of b**3/3 + 3*b**2/2 - b. Calculate y(q).
-3
Let q be 6/(-5)*60/(-18). Suppose 0*n = -q*n. Let i(x) = x**2 + x + 1. Determine i(n).
1
Let m(v) be the first derivative of -v**5/60 + 7*v**4/24 + 5*v**3/3 - 2. Let i(r) be the third derivative of m(r). What is i(6)?
-5
Let d(j) = 2*j + 2. Let u(s) = -s + 0*s + 5 + 2. Let i be u(7). Suppose -v - 4 + 0 = i. Determine d(v).
-6
Let c(p) = p - 5. Let f be c(4). Let n(j) = j + 1. Let k(u) = 3*u - 2. Let z(m) = m - 1. Let x(l) = -k(l) + 2*z(l). Let o(y) = f*n(y) + 5*x(y). Calculate o(-1).
5
Let q(t) = t**3 - 6*t**2 + 5*t + 6. Let l(n) = -n**2 - 9*n**2 + 5 + n**3 - 3*n**2 + 12*n. Let z be l(12). Calculate q(z).
6
Let t(z) = -6*z**2 + 8*z - 6. Let k(n) = n**2 - n + 1. Let y(i) = 5*k(i) + t(i). Determine y(-3).
-19
Let a be (-4)/((80/(-12))/5*3). Let j(q) = -9*q**2 - q. Give j(a).
-10
Let h(f) be the first derivative of -f**2/2 - 16*f - 14. Determine h(-11).
-5
Suppose y = -y - 3*j + 9, -34 = 3*y - 5*j. Let k = -8 + 10. Let i(x) = 3*x**k - 5*x + 2*x**2 - 6*x**2 - 2 + 2*x. Determine i(y).
-2
Let z be 5 - 3 - (0 + 2 - 1). Let i(x) = -4*x + 16. Let t(n) = n - 3. Let w(a) = 2*i(a) + 11*t(a). Calculate w(z).
2
Let w(t) = -4*t**3 - 1 + 1 - t**2. Suppose 18*x - 15*x = 3. What is w(x)?
-5
Let l be (5 + -2 - 6)/3. Let d(u) = 9*u**2 + 2*u + 1. Determine d(l).
8
Let b(m) = m**2 + 4*m - 1. Let d be b(-4). Let z(f) = f**2 - 5*f**3 + 259 - 259. What is z(d)?
6
Let p(g) be the second derivative of g**5/20 + 5*g**4/12 + 2*g**3/3 - g**2/2 - 2*g. Let o = -26 - -22. Determine p(o).
-1
Let j(s) = -s - 7. Let c(z) = -z**3 + 2*z**2 + 2*z - 1. Let g be c(3). Let i be (-14)/(-7) + (-3 - -1). Let f = i + g. Calculate j(f).
-3
Let d(q) = -q**2 - 5*q + 7. Let h(n) = 2*n**2 + 9*n - 13. Let c(w) = 11*d(w) + 6*h(w). Give c(-2).
5
Let s = 14 + -10. Let v(h) be the first derivative of -h**3/3 + 3*h**2 - 2*h + 30. Determine v(s).
6
Suppose 0 = 5*u - 2*u. Let z(c) be the second derivative of u + 2*c**2 - 2*c - 1/3*c**3 - 1/12*c**4. Give z(-4).
-4
Let g(u) = 1 + 2*u + 4*u - 3*u**2 + 5 - u**3. Let f = -60 + 56. Calculate g(f).
-2
Suppose -12*d + 31 + 65 = 0. Let f(y) = -y**2 + 10*y - 10. What is f(d)?
6
Let o(b) = -11*b**2 + b - 6*b**2 + 0*b + 0*b. What is o(1)?
-16
Suppose -46 = 5*k - 1. Let n be (-6)/k*(-6)/(-4). Let g(t) = -7*t**2 + 3*t - 1. Let m(x) = 14*x**2 - 5*x + 2. Let c(s) = 5*g(s) + 3*m(s). Give c(n).
8
Let h(k) = -5*k + 4. Let i(u) = -11*u + 7. Let n(z) = 9*h(z) - 4*i(z). Suppose 5*t + 20 = 0, 2*t = 3*q - 2*t - 16. What is n(q)?
8
Let m = -16 + 19. Let u(y) = 2*y - 2. Calculate u(m).
4
Let o = 1 - -1. Let s(h) = 3*h - 2*h + 8 - h**3 + 6*h**2 + o*h**3. Let c be s(-6). Let w(k) = 4*k - 3. What is w(c)?
5
Let s(d) = -d**3 + 9*d**2 - 6*d - 10. Let o be s(8). Let h(w) = w - 6. Calculate h(o).
0
Let f(g) = -g + 3. Let q be f(3). Let d(v) = -4 + 3 + q*v + 0*v - v. Give d(-4).
3
Let z(l) = l**2 + l - 1. Let b(p) = 2*p**2 + 4*p - 3. Let f(j) = b(j) - z(j). Calculate f(-3).
-2
Let j(i) be the third derivative of -1/8*i**4 - 1/120*i**6 + 0 + 0*i - 4/3*i**3 - 5*i**2 - 1/10*i**5. Give j(-6).
10
Let d(v) = 20*v - 9. Let m(x) = 7*x - 3. Let t(k) = -6*d(k) + 17*m(k). Give t(6).
-3
Let i(q) = -q - 3. Let u be i(-6). Suppose -p - 2*p = -u. Let a(j) = p - 5*j**2 + 5*j - 5*j - 4*j**2. Determine a(1).
-8
Let y(v) = -4*v - 5. Let w(k) = 4*k + 6. Let t(u) = 5*w(u) + 6*y(u). Let b be 1 - 2 - -1 - -1. What is t(b)?
-4
Let h(g) = g**2 + 5*g + 4. Suppose 21 = 4*m - 3. Let n be (-11 + 1)*(-3)/m. Let d = n + -9. Determine h(d).
0
Suppose 4 + 11 = 3*p - 3*t, 3*t + 3 = 0. Suppose l - 1 = -2*v + v, 0 = v - p*l + 24. Let y(q) = 0*q**2 - 5 + 2*q - q**3 + 5*q**2 + 2*q**3. Determine y(v).
3
Let i(t) = t**3 - 3*t**2 + t. Suppose 3 = 4*g - 9. Calculate i(g).
3
Suppose -r + 24 = -2*u, 5*r + 5*u - 151 = -46. Let g = r - 14. Let w(f) = -2*f + g + 5*f - 2*f. What is w(0)?
8
Let z(q) = 3*q - 2*q + 2*q - 7 + 1. Calculate z(5).
9
Let y(r) = -r**3 + 7*r**2 - r + 7. Suppose -55 = -5*h - 20. What is y(h)?
0
Let r(k) be the third derivative of 0*k + 5/3*k**3 - 1/12*k**4 + 6*k**2 + 0. Give r(8).
-6
Let o(p) = -p + 1. Let t(l) = -l**2 + 5*l + 8. Let j be t(6). Let z(x) = j*x - 4*x + 5*x - 4. Let u(w) = 9*o(w) + 2*z(w). Give u(-2).
7
Let t(u) = 0*u - u**2 + 9 - 4 + 2*u**2 + 7*u. Let g be t(-5). Let o(q) = -q**3 - 6*q**2 - 7*q - 6. Determine o(g).
4
Suppose -7 + 3 = 4*g. Let t(h) = 4*h - 1. Calculate t(g).
-5
Let o(d) be the second derivative of -d**4/12 + 2*d**3/3 - 3*d**2/2 - 5*d. Let w = -3 - -27. Suppose -w = -5*b + 1. Determine o(b).
-8
Let p(g) = -g**2. Let h be (-16)/12 + (-4)/(-12). Calculate p(h).
-1
Let w(b) be the first derivative of b**4/4 - b**2 + b + 10. What is w(2)?
5
Let q(i) = i**2 - i - 5. Let n(o) = -o**3 + 5*o**2 + 5*o + 6. Suppose -4*x - 46 = -5*b, -2*b = -3*x - x - 28. Let z be n(b). Suppose v - 4*v = z. What is q(v)?
-5
Let n(v) = -v - 1. Suppose 5*u + 2*j - 31 = -0*j, -15 = -5*j. Let c = 8 - u. Suppose 0 = 3*g + c*b - 4*b - 23, 4*g + 5*b = -1. What is n(g)?
-7
Suppose 3*r = 2*c + 7*r - 4, -5*r = -4*c - 5. Let t(x) = x + 2. Determine t(c).
2
Let f = 8 + -13. Let z(x) = -x - 9. Let g be z(f). Let p(d) be the first derivative of -d**3/3 - 5*d**2/2 + 5*d - 32. Calculate p(g).
9
Suppose -5*p = 11 + 9. Let a(h) = 3*h + 5. Determine a(p).
-7
Let y(d) = d + 14. Let k = -4 + -3. Calculate y(k).
7
Let q(m) = 8 + m + 3 - 4 + 4. Let u be q(-12). Let i(h) = 2*h. What is i(u)?
-2
Let z = -12 + 17. Let x(h) = -h**2 + 4*h - 3. Calculate x(z).
-8
Let o(r) = -2*r**2 - 4*r + 4. Suppose c - 4*j + 0 = 14, -j = 2*c + 17. Let g = -10 - c. Give o(g).
-12
Let s(q) be the second derivative of -q**5/20 + 5*q**4/12 - q**3/6 + 3*q**2 - 4*q. Determine s(5).
1
Let y be (16/(-3))/(-4)*3. Let i(v) = -11*v + 5 + 0*v - 5*v**3 + v**3 - v**2 + v**3. Let n(t) = -2*t**3 - 6*t + 3. Let b(d) = 3*i(d) - 5*n(d). Give b(y).
4
Let i = 1 + 3. Let v(q) be the second derivative of -q**7/840 + q**6/120 + q**5/40 - q**4/12 + q**3/3 - q. Let g(w) be the second derivative of v(w). Give g(i).
-6
Let d(c) be the third derivative of c**4/24 - 7*c**3/6 + 3*c**2. Suppose 2*j + 18 = 4*m, 3*j = -0*m - 2*m + 13. Calculate d(m).
-2
Let s(y) be the first derivative of y**3/3 - 3*y - 5. Suppose 0*b - 6 = 2*b. Calculate s(b).
6
Let b(i) = 4*i - 3. Let u(h) = -5*h + 4. Suppose -5*d - f = -3*f - 21, d = -f. Let t(k) = d*u(k) + 4*b(k). Determine t(-6).
-6
Let t(b) = -4*b**2 - 5*b - 4. Let d(k) = 5*k**2 + 5*k + 3. Let l = 34 + -18. Suppose 5*j - j = -l. Let p(z) = j*t(z) - 3*d(z). Determine p(-5).
7
Let w(s) be the first derivative of 0*s + 4 - 1/3*s**3 + 1/2*s**2. What is w(-2)?
-6
Let u = -15 - -19. Let g(h) = -4*h**2 - h + u*h - 2 + 3*h**2 - 4*h. Give g(-2).
-4
Let k(b) = -b - 2. Suppose 3*r + w - 10 - 7 = 0,